e the remainder when 769160 is divided by 2634.
32
Calculate the remainder when 49990 is divided by 3337.
3272
What is the remainder when 1077629 is divided by 94?
13
What is the remainder when 12566703 is divided by 365?
118
What is the remainder when 1072110 is divided by 16?
14
What is the remainder when 369205991 is divided by 249?
245
Calculate the remainder when 50468566 is divided by 20075.
16
Calculate the remainder when 225236 is divided by 74233.
2537
Calculate the remainder when 246651246 is divided by 16.
14
Calculate the remainder when 1481351 is divided by 15.
11
Calculate the remainder when 1998541 is divided by 47.
7
What is the remainder when 129835657 is divided by 32458907?
29
What is the remainder when 5253553 is divided by 2375?
53
What is the remainder when 1000046 is divided by 748?
718
Calculate the remainder when 2501097 is divided by 394.
379
What is the remainder when 98722 is divided by 2448?
802
Calculate the remainder when 20503 is divided by 392.
119
What is the remainder when 7955900 is divided by 388?
348
Calculate the remainder when 1137684 is divided by 6731.
145
Calculate the remainder when 26690 is divided by 7567.
3989
What is the remainder when 94797619 is divided by 28?
7
What is the remainder when 184986 is divided by 712?
578
Calculate the remainder when 130036 is divided by 1445.
1431
What is the remainder when 1853780030 is divided by 1597?
1594
Calculate the remainder when 417850 is divided by 2767.
33
Calculate the remainder when 2802309 is divided by 560451.
54
What is the remainder when 451477 is divided by 1685?
1582
What is the remainder when 751750 is divided by 375695?
360
What is the remainder when 1584862 is divided by 1584850?
12
Calculate the remainder when 1589006 is divided by 4052.
622
Calculate the remainder when 1220386 is divided by 360.
346
Calculate the remainder when 373427 is divided by 60.
47
Calculate the remainder when 139474 is divided by 2689.
2335
Calculate the remainder when 41701 is divided by 40665.
1036
Calculate the remainder when 1731409 is divided by 577129.
22
Calculate the remainder when 182344 is divided by 2999.
2404
What is the remainder when 58354 is divided by 3888?
34
What is the remainder when 67643498 is divided by 33?
32
Calculate the remainder when 8659 is divided by 7003.
1656
What is the remainder when 6876398 is divided by 40?
38
Calculate the remainder when 135526 is divided by 66353.
2820
What is the remainder when 323374 is divided by 46185?
79
What is the remainder when 98907 is divided by 8077?
1983
What is the remainder when 42951105 is divided by 164?
161
Calculate the remainder when 58376088 is divided by 122897.
13
What is the remainder when 3310 is divided by 273?
34
What is the remainder when 199830 is divided by 477?
444
What is the remainder when 4902703 is divided by 1259?
157
What is the remainder when 772119 is divided by 429?
348
What is the remainder when 317619 is divided by 105849?
72
What is the remainder when 5916380 is divided by 75847?
314
What is the remainder when 79497418 is divided by 133?
126
What is the remainder when 314980 is divided by 438?
58
Calculate the remainder when 1174687 is divided by 146786.
399
What is the remainder when 687665 is divided by 229112?
329
Calculate the remainder when 113733 is divided by 38.
37
Calculate the remainder when 16752348 is divided by 349.
348
Calculate the remainder when 402258648 is divided by 157.
156
Calculate the remainder when 17843612 is divided by 32.
28
Calculate the remainder when 217125191 is divided by 2385991.
10
Calculate the remainder when 36344 is divided by 1500.
344
Calculate the remainder when 175592 is divided by 1640.
112
Calculate the remainder when 253031795 is divided by 265.
255
What is the remainder when 4271173 is divided by 185703?
4
Calculate the remainder when 4529120 is divided by 1816.
16
What is the remainder when 1269179 is divided by 317287?
31
What is the remainder when 5349753 is divided by 436?
33
What is the remainder when 2006120 is divided by 2492?
60
Calculate the remainder when 823981 is divided by 3567.
4
Calculate the remainder when 25005551 is divided by 46.
43
What is the remainder when 20370622 is divided by 283?
282
What is the remainder when 1470413 is divided by 5929?
21
Calculate the remainder when 564890 is divided by 2739.
656
Calculate the remainder when 4191841 is divided by 14607.
14239
Calculate the remainder when 8315704 is divided by 3729.
34
Calculate the remainder when 93096438 is divided by 34.
18
Calculate the remainder when 6309183 is divided by 11227.
10836
Calculate the remainder when 534790952 is divided by 178263650.
2
What is the remainder when 1623210 is divided by 2490?
2220
What is the remainder when 73220 is divided by 8122?
122
What is the remainder when 282103 is divided by 332?
235
What is the remainder when 1276302 is divided by 21632?
14
What is the remainder when 15053879 is divided by 15?
14
What is the remainder when 2790041 is divided by 81?
77
Calculate the remainder when 8526502 is divided by 13.
10
Calculate the remainder when 472321 is divided by 117.
109
What is the remainder when 9395754 is divided by 511?
508
Calculate the remainder when 103261128 is divided by 53866.
6
What is the remainder when 644461 is divided by 160?
141
What is the remainder when 114568563 is divided by 395?
393
Calculate the remainder when 326059 is divided by 23.
11
Calculate the remainder when 1587343 is divided by 2552.
2551
What is the remainder when 97543371 is divided by 5?
1
What is the remainder when 276436106 is divided by 146?
144
What is the remainder when 69835967 is divided by 13224?
23
Calculate the remainder when 90118519 is divided by 1584.
7
Calculate the remainder when 499516 is divided by 124766.
452
What is the remainder when 5691294 is divided by 108?
18
What is the remainder when 2456221 is divided by 2456168?
53
Calculate the remainder when 72323813 is divided by 18080951.
9
Calculate the remainder when 4987684 is divided by 831136.
868
Calculate the remainder when 3114915 is divided by 31148.
115
What is the remainder when 2034288 is divided by 678036?
180
What is the remainder when 35840658 is divided by 5423?
51
Calculate the remainder when 13013231 is divided by 1626651.
23
Calculate the remainder when 7217510 is divided by 1804213.
658
What is the remainder when 66397 is divided by 584?
405
What is the remainder when 2316855 is divided by 608?
375
Calculate the remainder when 79772 is divided by 1231.
988
What is the remainder when 1876045 is divided by 206?
3
Calculate the remainder when 347277 is divided by 34071.
6567
What is the remainder when 186115 is divided by 72?
67
What is the remainder when 22741507 is divided by 408?
403
Calculate the remainder when 7939303 is divided by 1935.
1933
Calculate the remainder when 11426994 is divided by 71.
41
What is the remainder when 341417299 is divided by 100?
99
Calculate the remainder when 14357762 is divided by 2051108.
6
Calculate the remainder when 449593 is divided by 44958.
13
Calculate the remainder when 203 is divided by 194.
9
What is the remainder when 1216945 is divided by 38?
33
Calculate the remainder when 8587366 is divided by 2423.
254
Calculate the remainder when 4214648 is divided by 1404882.
2
What is the remainder when 16171071 is divided by 1078069?
36
What is the remainder when 146353 is divided by 48776?
25
What is the remainder when 5574 is divided by 609?
93
Calculate the remainder when 55745 is divided by 351.
287
Calculate the remainder when 425055 is divided by 9.
3
Calculate the remainder when 19675 is divided by 1150.
125
Calculate the remainder when 54943665 is divided by 73.
69
What is the remainder when 56372 is divided by 1549?
608
Calculate the remainder when 638287 is divided by 16.
15
Calculate the remainder when 2174738 is divided by 3955.
3443
What is the remainder when 497494251 is divided by 19?
18
Calculate the remainder when 1358780 is divided by 2773.
10
Calculate the remainder when 129980 is divided by 917.
683
What is the remainder when 2272329 is divided by 568062?
81
What is the remainder when 100244 is divided by 3045?
2804
Calculate the remainder when 813230 is divided by 657.
521
What is the 